(g).
11
Let l be (-12420)/920*14/(-9). Let q(m) = -m**2 + 13*m + 161. Determine q(l).
-7
Suppose 0 = -4*i + d - 20, 4*i - 3*d + 5 = -7. Let y(r) = -8*r + 2977 - 990 + 2*r + r**3 - 990 - 990 + 5*r**2. Determine y(i).
7
Let m(y) = -5*y**3 - 48*y**2 - 336*y - 151. Let k(z) = 3*z**3 + 24*z**2 + 185*z + 76. Let j(r) = -7*k(r) - 4*m(r). Give j(26).
-6
Suppose u = q + 1, -2*q + 11 = -5*u - 5*q. Let s(z) = z**2 - 8*z + 1. Let y(v) = 2*v. Let w = 179 + -174. Let k(l) = w*y(l) + s(l). What is k(u)?
0
Let q(f) = 8*f - 47. Suppose 2 = 2*s + 2*d, 0 = -89*s + 92*s + d - 13. Calculate q(s).
1
Let f(q) be the second derivative of -q**4/12 + 2*q**3/3 + q**2/2 - 129*q. Let m = 83 - 80. Give f(m).
4
Let r(i) be the third derivative of i**5/20 - 3*i**4/8 - i**3/6 + 91*i**2. Let u(v) = -4*v**2 + 9*v. Let m(l) = -3*r(l) - 2*u(l). Give m(9).
3
Suppose -4 = 5*d - d. Let a(v) be the third derivative of 3*v**5/10 + v**4/24 + v**3/6 - 2080*v**2. Calculate a(d).
18
Let k(z) = -84*z - 679. Let i be k(-8). Let v(j) = -2*j - 10. Give v(i).
4
Let x = 91 - 80. Let d = x + -22. Let b = d + 6. Let v(n) = -n + 1. Determine v(b).
6
Let f(y) be the second derivative of y**3/3 - 3*y**2/2 - 2*y - 11. Let w(c) = -c**2 + 16*c + 21. Let b be w(17). Calculate f(b).
5
Suppose -3*w + 22 = 52. Let l be (-1 + (-16)/w)/(98/490). Let k(v) = 6*v**2 + 3*v + 2. Let r(h) = -5*h**2 - 2*h - 1. Let m(o) = -4*k(o) - 5*r(o). What is m(l)?
0
Let d(j) = -j**3 + 5*j**2 - 2*j - 3. Let i be -12*(2 + -4 + 10/6). Suppose 0 = 94*b - 95*b + i. Give d(b).
5
Suppose 5*b = 3*b - 6. Suppose -4*l = -2*i - 9458, 480 - 9935 = -4*l + 3*i. Let v(r) = -1181 + l - 1182 + 4*r. Calculate v(b).
-9
Let z = 195 + -202. Let q(f) = 2*f**3 - 10*f**2 - 2*f + 8. Let r(y) = y**3 - y**2 - y - 1. Let t(p) = q(p) - 3*r(p). What is t(z)?
4
Let i = -18 + 18. Suppose -n = 4*q - 22, i = -3*q + n - 2*n + 17. Suppose 6*o + q*o = -11. Let d(s) = 7*s. Determine d(o).
-7
Suppose 2*p - 5*p = f - 12, -p + 26 = 4*f. Let v(r) = -3*r - 56. Let b(y) = y - 18 + y - 1 - 3*y. Let a(l) = f*v(l) - 17*b(l). Determine a(0).
-13
Let h(s) = -s**3 + 16*s - 4. Let o be -1 + -10 - (10 + -21). What is h(o)?
-4
Let z(y) = -2*y**3 + 5*y**2 - 12*y - 20. Let h(x) = x**3 - 2*x**2 + 8 + 1546*x - 1539*x + 2. Let c(n) = -7*h(n) - 4*z(n). Give c(6).
4
Let c(w) be the first derivative of -13*w**3 + w**2/2 + w + 8555. What is c(-1)?
-39
Suppose 70 = 13*d - 8*d. Let y(i) = 3*i + 16. Let b(q) = 5*q + 20. Let c(o) = 2*b(o) - 3*y(o). Calculate c(d).
6
Let p = 2095 - 2096. Let j(i) = -2*i + 7*i + 9*i - 7*i - 1. What is j(p)?
-8
Suppose 1379 = -191*h + 233. Let r(u) = 2*u**2 + 13*u + 29. What is r(h)?
23
Let b(a) = -a**3 - 4*a**2 + 6*a + 5. Let g be b(-5). Let h(f) be the first derivative of 1/2*f**2 + 73 - 3*f. What is h(g)?
-3
Suppose 5*d = q - 22, 4*d - 2*q = 5*d. Let b(u) = 14*u**2 - 7*u + 5. Let z(k) = -5*k**2 + 2*k - 2. Let i(c) = d*b(c) - 11*z(c). Determine i(5).
7
Let y = -17 + 16. Let b(q) = -q**2 + 105*q**3 - 93*q**3 - 32 + q + 33. Calculate b(y).
-13
Let l(v) = -v**2 - 13*v - 74. Let u(k) = 5*k**2 + 51*k + 300. Let p(i) = -9*l(i) - 2*u(i). Give p(19).
-10
Let w be -3 - 5/(-10)*10. Let o(v) = -2*v**3 - 5*v**3 + 6*v**3 - v + 6*v**w - 5*v. Give o(5).
-5
Suppose 12*k + 0*k - 240 = 0. Suppose -4*y + 8 = -i, -3*i - 3*y = -k - 1. Let j(s) = -s**2 - 3*s - 4. Give j(i).
-32
Let f = 978 + -879. Suppose f*o - 98*o - 6 = 0. Let j(w) = -w**3 + 5*w**2 + 8*w - 6. Calculate j(o).
6
Let c(x) = 4*x + 5. Let k be (-3193)/(-217) - (-2)/7. Suppose k = m - 4*r, -24 = -2*m + 6*r - r. Determine c(m).
33
Let t be (2 - 10/4)*237/(-237). Let n(j) be the second derivative of 3*j**3 + 14*j + t*j**2 + 0. Calculate n(-1).
-17
Let t(c) = -c**2 + 4*c - 5. Let l(d) = -16*d - 144. Let p be l(-9). Let r be 1 + 3 + p/4. Calculate t(r).
-5
Let a(b) = b**3 + 10*b**2 - 13*b + 3. Let h(y) = -y**2 + 2*y - 1. Let i(n) = a(n) + 5*h(n). Let c = -529 + 525. Determine i(c).
26
Suppose -2*o = 5*d - d - 30, -5*o + 30 = d. Let u(h) be the second derivative of -h**3 - 7/2*h**2 + 1/3*h**4 + 1/20*h**d - 10*h + 0. Calculate u(-5).
-2
Suppose 718*n - 694*n = 72. Let u(d) be the first derivative of -d**5/30 + d**4/8 + 2*d**3/3 - d**2 + 2. Let w(y) be the second derivative of u(y). Give w(n).
-5
Let t(m) be the first derivative of 3*m**4/4 + 2*m**3/3 - 3*m**2/2 + m + 7347. Determine t(1).
3
Suppose 219 + 356 = -46*h + 207. Suppose -7*z + 3*z - 16 = 2*k, -7 = 4*k + 3*z. Let i(r) = 9 - 2*r**2 - 3*r**2 + 4*r**k - 8*r. Give i(h).
9
Let v(u) = -u - 1. Let n = -149 + 78. Let h be (2 - (1 + n)) + 0 + -1. Suppose -73*d + h*d = 10. Calculate v(d).
4
Let x(d) = -d**2 + 11 + 9 - 33 + 14 - 5*d**3 - 2*d. Calculate x(1).
-7
Let z(h) = 767 - 255 - 270 + 3*h - 306. Calculate z(0).
-64
Let d be (-2 + -1)/(-3) + 1. Let c(x) = 4*x - 732 - 2*x**2 - 721 + 1451. Calculate c(d).
-2
Let l(q) be the third derivative of q**6/36 - 5*q**4/8 + 2*q**3/3 + 136*q**2 - q. Let j(c) be the second derivative of l(c). Calculate j(2).
40
Let h = -171 - -174. Let z(k) = -5*k + h*k + 6 + 4*k - 3*k. Calculate z(6).
0
Let x(j) = -22*j - 37. Let w(b) = -11*b - 21. Let p(g) = -9*w(g) + 5*x(g). Let q(v) = v**3 - 7*v**2 + v - 4. Let l be q(7). Determine p(l).
-29
Let v(j) = 357 - 124 - 2*j - 116 - 121. Let z(g) = -11*g + 7. Let b(w) = 6*v(w) - z(w). Determine b(-21).
-10
Let w(c) = -c**3 - 3*c**2 + 2*c + 8. Let u be w(-3). Let a(s) = -3*s**2 - s**3 + 11*s**u - 4*s - 3*s - 1. Calculate a(7).
-1
Let w be (-2)/((-126)/(-70) + (-1)/(-5)). Let t(f) = 8*f**2 - 2*f - 4. Determine t(w).
6
Let l(g) = 0*g + 16376*g**2 - 8*g - 24 - 7*g + 2*g - 16377*g**2. Give l(-13).
-24
Let x = 4 - 3. Let h(u) = 18*u**2 + 13*u + 32. Let w(f) = -18*f**2 - 20*f - 48. Let l(t) = -3*h(t) - 2*w(t). Calculate l(x).
-17
Suppose 87 = 3*v + 102. Let i(h) = h**2 - 7. Give i(v).
18
Let j(d) = -31284*d - 1 + 15652*d + 7 + 15639*d. Give j(-4).
-22
Let z(p) be the first derivative of 5*p**3/6 - p**2/2 - 2*p - 2. Let h(g) be the first derivative of z(g). Suppose 264 = 60*w - 207 + 111. Calculate h(w).
29
Suppose -2*c + 8 = -a, -c - 5*a = -2*c + 4. Suppose -4*s = c*z - 4, 3*z = 3*s + z - 18. Let d(m) = 20*m**2 - s*m + 8 - 7*m**2 - 14*m**2 + 0*m. Calculate d(-6).
-4
Let h(n) = -n**3 - 16*n**2 + 18*n + 20. Let b be (1 - 2)/(1/(-2)). Suppose -2*f - b*f - 3*q - 80 = 0, 2*f + 2*q = -42. Give h(f).
3
Let a(i) = -3*i - 2. Let q(h) = 7*h + 5. Let x(s) = -5*a(s) - 2*q(s). Suppose 9*z - 11 = 8*z. Suppose 8*t - 3 + z = 0. Calculate x(t).
-1
Let g(l) = -7*l - 401. Let v be g(-58). Suppose -v*b + 0*b = 3*b. Let n(z) = -z - 10 - 1 + 1. Give n(b).
-10
Let g(o) = -5*o - 5. Let m(y) = -4796 - 11*y + 9582 - 4796. Let d(a) = 7*g(a) - 3*m(a). Determine d(-9).
13
Let d = -171 + 224. Let j(y) = 5*y**2 - d + 29 + 8*y - 13*y**2 - y**3 + 16. Calculate j(-9).
1
Let q(o) = 22 - 13 + 11 + 1248*o + 15 - 1246*o - 8. Suppose -5*k = 11 + 49. Give q(k).
3
Let q(s) = s**2 - 3. Let w be q(-5). Suppose -2*n + w = 12. Let h(d) = 6*d + 3*d - n*d. Determine h(-1).
-4
Let g(l) be the first derivative of 15*l + 65 + 3/2*l**2. What is g(-6)?
-3
Suppose 7*p = 21*p + 31 + 151. Let o(f) = f**2 + 12*f - 8. Give o(p).
5
Let g(r) = r**2 - 16*r + 3. Let b = 5379 + -5371. Calculate g(b).
-61
Let p be -5 - -4 - (-4 - -1). Suppose -6*g = -4*f - 11*g - 45, f + p*g = -15. Let h(z) = z**2 + 3*z - 4. What is h(f)?
6
Let i(p) = p + 15. Let q(g) = g**3 - 9*g**2 + 6*g + 19. Let w be q(8). Suppose w*t + 3*x = t - 17, -16 = t - x. Calculate i(t).
2
Suppose -4*m + 138 = -m - 26*m. Let p(h) = -h**2 + h + 1. Let n(c) = -2*c**2 + 11*c + 10. Let x(j) = n(j) - 3*p(j). What is x(m)?
-5
Let k(a) = -a**3 - 8*a**2 - 6*a + 1. Let n = -226 - -173. Let v = n - -46. Determine k(v).
-6
Let t(c) be the third derivative of c**5/30 + c**4/12 + c**3/6 - 7*c**2. Suppose -2*f + 2*a - a - 1 = 0, -2*f = 5*a + 7. What is t(f)?
1
Let l(j) be the second derivative of -1/40*j**5 + 1/8*j**4 + 6*j + 0 + 8/3*j**3 + 0*j**2. Let m(v) be the second derivative of l(v). Calculate m(-3).
12
Let s(y) = -12*y - 6. Let a = -62 - -67. Let f be (26/(-13) - (-2)/10)*a. Let p(n) = n + 1. Let h(r) = f*p(r) - s(r). What is h(2)?
3
Let m = -20779/30 - -3464/5. Let a(t) be the third derivative of m*t**3 - 1/24*t**4 + 5*t**2 + 0*t + 0. Give a(-1).
2
Let q(g) = g**3 - 13*g**2 - 15*g + 49. Let n be q(14). Let c(i)